{"id":2,"date":"2011-08-11T11:54:41","date_gmt":"2011-08-11T11:54:41","guid":{"rendered":"http:\/\/lagoon-marmorino.com\/?page_id=2"},"modified":"2012-02-09T18:46:26","modified_gmt":"2012-02-09T18:46:26","slug":"beispiel-seite","status":"publish","type":"page","link":"https:\/\/lagoon-marmorino.com\/?page_id=2","title":{"rendered":"Service"},"content":{"rendered":"<p style=\"width:360px; float:left; text-align:justify;\">\n<strong>Veredelung:<\/strong><br \/>\n<\/br>Zu Beginn unserer Arbeit wird gemeinsam mit unseren Kunden ein<strong> Farb- und Strukturenkonzept<\/strong> entwickelt. Hierbei wird insbesondere auf die Raumgr\u00f6\u00dfe, Raumatmosph\u00e4re und Wandbeschaffenheit eingegangen.<\/br><\/br> Die Strukturen reichen von seidig gl\u00e4nzend bis samt matt. Feinporig und glatt oder rau und lebendig sind nur einige Beispiele f\u00fcr die unendliche<strong> Vielseitigkeit<\/strong> von Lagoon Marmorino.<br \/>\n<\/ br><br \/>\n<img src=\"https:\/\/lagoon-marmorino.com\/wp-content\/uploads\/2012\/02\/lagoon_hand_tuerkis_web.jpg\"><br \/>\n<\/ br><br \/>\nAuch den Farben sind keine Grenzen gesetzt, da wir mit nat\u00fcrlichen Pigmenten Ihren gew\u00fcnschten Farbton anmischen. Im weiteren Verlauf werden die W\u00e4nde von unseren Marmorinoartists grundiert und f\u00fcr die eigentliche Marmorinokunst vorbereitet. Unter der Regie von <strong>Adriano De Fanti<\/strong>, einer der erfolgreichsten Marmorinok\u00fcnstler aus Venedig, werden dann die Unikate in aufwendiger Handarbeit gestaltet. Schicht f\u00fcr Schicht bekommt der Raum so seinen individuellen Charakter.\n<\/p>\n<p style=\"width:360px; float:right;vertical-align:baseline; text-align:justify; padding-right:12px;\">\n<strong>Restauration:<\/strong><br \/>\n<\/br>Lagoon Marmorino arbeitet <strong>seit Jahrzehnten<\/strong> in den verschiedensten Projekten an der Restauration \u00e4lterer Immobilien und tr\u00e4gt zu der Erhaltung denkmalgesch\u00fctzter Geb\u00e4ude bei. Mit dem Auftraggeber werden die wichtigsten Schritte der Restauration besprochen und in vorsichtiger Handarbeit ausgef\u00fchrt.<br \/>\n<\/ br><br \/>\n<img src=\"https:\/\/lagoon-marmorino.com\/wp-content\/uploads\/2012\/02\/lagoon_tools_web.jpg\"><br \/>\n<\/br>Dabei ist es wichtig den <strong>urspr\u00fcnglichen Charakter<\/strong> des Geb\u00e4udes zu erhalten und diesen nicht zu verf\u00e4lschen.<br \/>\n<\/ br><br \/>\nSie k\u00f6nnen sich gerne in unserem Portfolio <a href=\"https:\/\/lagoon-marmorino.com\/?page_id=14\"> umschauen<\/a> und die Raumveredelung von Lagoon Marmorino kennenlernen.<\/p>\n","protected":false},"excerpt":{"rendered":"<p>Veredelung: Zu Beginn unserer Arbeit wird gemeinsam mit unseren Kunden ein Farb- und Strukturenkonzept entwickelt. Hierbei wird insbesondere auf die&#8230;<\/p>\n","protected":false},"author":3,"featured_media":0,"parent":0,"menu_order":2,"comment_status":"open","ping_status":"closed","template":"","meta":{"ngg_post_thumbnail":0},"_links":{"self":[{"href":"https:\/\/lagoon-marmorino.com\/index.php?rest_route=\/wp\/v2\/pages\/2"}],"collection":[{"href":"https:\/\/lagoon-marmorino.com\/index.php?rest_route=\/wp\/v2\/pages"}],"about":[{"href":"https:\/\/lagoon-marmorino.com\/index.php?rest_route=\/wp\/v2\/types\/page"}],"author":[{"embeddable":true,"href":"https:\/\/lagoon-marmorino.com\/index.php?rest_route=\/wp\/v2\/users\/3"}],"replies":[{"embeddable":true,"href":"https:\/\/lagoon-marmorino.com\/index.php?rest_route=%2Fwp%2Fv2%2Fcomments&post=2"}],"version-history":[{"count":108,"href":"https:\/\/lagoon-marmorino.com\/index.php?rest_route=\/wp\/v2\/pages\/2\/revisions"}],"predecessor-version":[{"id":909,"href":"https:\/\/lagoon-marmorino.com\/index.php?rest_route=\/wp\/v2\/pages\/2\/revisions\/909"}],"wp:attachment":[{"href":"https:\/\/lagoon-marmorino.com\/index.php?rest_route=%2Fwp%2Fv2%2Fmedia&parent=2"}],"curies":[{"name":"wp","href":"https:\/\/api.w.org\/{rel}","templated":true}]}}